ivided by b?
0
Let s = 21 + -8. Suppose 2*h + 3*u - s = 0, -45 = -5*h - 5*u - 0*u. Let l(j) = 17*j**2 + j - 11. What is the remainder when l(-2) is divided by h?
13
What is the remainder when 1289 is divided by (4386/(-172))/(-1*3/2)?
14
Suppose -2349 = -8*v + 363. What is the remainder when v is divided by 68?
67
Suppose 11 = 2*h - l, 0*h + 5*l - 17 = -2*h. Suppose 2*n = n + h. What is the remainder when 20 is divided by n?
2
Suppose -64 = -r - 3*t, 3*t - 6*t = -9. What is the remainder when r is divided by 12?
7
Let v be (-36)/(-21)*(2 + -9). Let q(f) = -f**3 - 12*f**2 - 10*f - 13. Calculate the remainder when q(v) is divided by 27.
26
Let z = -760 + 767. Calculate the remainder when 150 is divided by z.
3
Let u = -283 + 448. Suppose -7*r = -12*r + u. What is the remainder when r is divided by 17?
16
Let b = -11 + 24. Suppose 0 = -f + 1, -2*d - 2*f - 870 = -6*d. What is the remainder when d is divided by b?
10
Let s(m) = -m**3 + 5*m**2 + 2*m + 8. Calculate the remainder when 54 is divided by s(0).
6
Let o be 32 + (-1)/((-5)/(-15)). Suppose 10 = -24*b + o*b. What is the remainder when 11 is divided by b?
1
Let x(g) = g**3 + 5*g**2 - 4*g - 1. Suppose m = 2*m - 3. Calculate the remainder when x(m) is divided by ((-8)/52 - (-985)/65) + 0.
14
Let a = 352 - 344. What is the remainder when 17 is divided by a?
1
Let d(y) = 10*y**2 + 2*y + 2. Suppose -4*h - 51 = -5*r, 4*h = -r + 5*r - 40. Suppose 1 - r = 5*q. What is the remainder when d(q) is divided by 10?
8
Let c(j) = -j - 3. Let h be c(-7). Suppose 0 = 2*s - 5*o + 35, 0 = -3*s + o - 7 - 13. What is the remainder when s/(-2)*8/h is divided by 4?
1
Suppose -54 = -8*v + 42. Let m(x) = -x + 7. Let o be m(5). What is the remainder when ((-158)/4 - o)*-2 is divided by v?
11
Let b(z) = 74*z - 114. What is the remainder when b(8) is divided by 32?
30
Suppose o - 64 = -58. Calculate the remainder when 63 is divided by o.
3
Let m be 15*((-81)/15 + 5). Let x(k) = k**2 - 2*k - 11. Calculate the remainder when x(m) is divided by 13.
11
Let v = -67 - -46. Calculate the remainder when (-1 - (-1)/3)/(2/v) is divided by 3.
1
Suppose -4*z + 122 = l + 17, -5*l + 57 = 2*z. Let d(u) = u**2 + 4*u - 12. Suppose -6*t + 0*t = 42. What is the remainder when z is divided by d(t)?
8
Let t = 28 - 20. Suppose -y - 8 = -c, -y - 2*c - 2 = -6*c. What is the remainder when t is divided by y/(-2) + 6/3?
1
Let f(j) = 23*j - 363. What is the remainder when f(28) is divided by 25?
6
Suppose 16*o - 3234 = 9*o. What is the remainder when o is divided by 58?
56
Let c(z) = -26*z**2 - 14*z**2 + 39*z**2 + 4 + 9*z. Let g(r) = r**2 + 6*r + 9. Let f be g(-6). What is the remainder when 7 is divided by c(f)?
3
Let a = -12 - -14. What is the remainder when ((-2)/(-4))/(1/54) is divided by (5/a)/((-5)/(-20))?
7
Let d(q) = -3*q + 15. Calculate the remainder when 152 is divided by d(-12).
50
Let r = 116 + -73. Calculate the remainder when 298 is divided by r.
40
Let s(r) = -2*r**3 - 2*r**2 - 2*r + 2. Let p be (-1)/(-3) + 14/3. Suppose 5*o + 3 = z, 0 = 5*z - 5*o + p - 0. What is the remainder when s(z) is divided by 4?
2
Let r = -14 - -13. Let p = -3 + r. Calculate the remainder when 25*-1*(p - -2) is divided by 17.
16
Suppose -12*i + 74 = -1114. Let q = -15 + i. Calculate the remainder when q is divided by 29.
26
Suppose -2*k = -2*o + 11 + 3, -2*k - 2*o - 14 = 0. What is the remainder when (-1)/((k/30)/7) is divided by 8?
6
Let q(x) = -x**3 - x**2 + 2*x + 59. What is the remainder when 468 is divided by q(0)?
55
Let f(l) = l**2 - 11*l + 40. Calculate the remainder when 32 is divided by f(4).
8
Suppose 0 = 570*l - 576*l + 24. Let n = 5 + -3. Let u = n - -4. Calculate the remainder when u is divided by l.
2
Let v be (-36)/(-10)*(-1 + 6). Let r be 3*51*2/v. Calculate the remainder when 46 is divided by 2*2 + r + -5.
14
Suppose 11*q = 6*q. Suppose -2*h - 29 = -3*x, -2*x = -5*x - 3*h + 39. Let o = q + x. What is the remainder when 42 is divided by o?
9
Let h = 660 + -323. Suppose 0 = 6*o - 17 - h. What is the remainder when o is divided by 8/(-12)*(-45)/2?
14
Let d(a) = -2*a - 4. Let y be d(-5). Let m = 2 - y. What is the remainder when 2 + -3 + (-60)/m is divided by 5?
4
Let t = 77 - -91. What is the remainder when t is divided by 35?
28
Let x(k) = -65*k + 1. Let g be x(-1). Let t = g + -47. What is the remainder when 11/22*(1 - -147 - 0) is divided by t?
17
What is the remainder when 295 is divided by (-4 + 5)*(0 + (-1 - -51))?
45
Let t(k) = -k**2 + 18*k - 16. Let o = -10 + 26. What is the remainder when 30 is divided by t(o)?
14
Suppose -5*x + 76 = -3*r - 83, -x - r + 27 = 0. Calculate the remainder when 87 is divided by x.
27
Suppose 15 = 9*o - 255. Calculate the remainder when 143 is divided by o.
23
Suppose -5*r - 90 = 80. Let h = -19 - -13. What is the remainder when 17 is divided by r/(-4) - 3/h?
8
Let p = -1176 + 1218. What is the remainder when 514 is divided by p?
10
Let r(b) = -b**2 + 6*b + 4. Let y = -316 - -332. Calculate the remainder when y is divided by r(6).
0
Let i(h) = -h**2 - 15*h + 14. What is the remainder when 247 is divided by i(-12)?
47
Let g(r) = 3*r**2 - 8 - 8*r + 3*r**2 - 2 - 3*r**2. Suppose -5*f - 36 = -4*a, 0 = f + 5*a - 8 - 8. Calculate the remainder when g(f) is divided by 24.
22
Suppose 0 = -4*g - 81*g + 3145. Let k = 79 - 39. Suppose 5*s = 0, 4*y = -8*s + 3*s + k. Calculate the remainder when g is divided by y.
7
Let h(z) = -1 + 4 - 10*z + z**2 + 0*z. Let q be h(10). Suppose q*c = 2*c + 82. Calculate the remainder when c is divided by 28.
26
Let y(z) = -z**3 + 6*z**2 + 11*z + 4. Let x be y(9). Let m be (2/(-5))/(4/x). Calculate the remainder when 103/7 - (-4)/m is divided by 6.
3
Let w(x) = x**2 - 3*x - 7. Let g be w(6). Suppose 2*h - g = h. What is the remainder when 4/(-6) + 130/6 is divided by h?
10
Let m be 89 - (-1 - (-3 - 0)). Let p = m - 28. Calculate the remainder when p is divided by 15.
14
Calculate the remainder when 35/(-15)*18/(-7) is divided by 3.
0
Let v = -265 - -289. What is the remainder when 79 is divided by v?
7
Suppose x = 3 - 0. Let f(s) = 8*s**2 - 3*s + 3. What is the remainder when f(x) is divided by 17?
15
Let m(s) = 2*s**3 - 10*s**2 + 2*s - 1. Let l be m(5). Suppose 10 = -4*o - 6. Let k = l + o. What is the remainder when 8 is divided by k?
3
Suppose 832 = 11*n + 18. Calculate the remainder when n is divided by 10.
4
Suppose 15*c + 22*c - 2590 = 0. What is the remainder when c is divided by 1?
0
Suppose 0*s - 77 = -2*s - 3*p, -2*s + 5*p + 117 = 0. What is the remainder when s is divided by 14?
4
Let l = 102 + -56. Let u = 89 + l. Calculate the remainder when u is divided by 34.
33
Let u be ((-65)/(-6) - 2) + (-3)/(-18). Calculate the remainder when 17 is divided by -1 - (-6)/9*u.
2
Suppose 41*s - 723 = 1163. Let y(q) = 3*q**2 + 4*q - 4. Let d be y(-6). Suppose -2*l + d = 3*l. Calculate the remainder when s is divided by l.
14
Let t = -517 + 534. Calculate the remainder when 150 is divided by t.
14
Let u = 36 - 45. Let w = u - -36. What is the remainder when 50 is divided by w?
23
Let r = 15 + -4. Suppose -z + 5*f = 2*z + r, -f = z - 7. Suppose -z = -w + 6. Calculate the remainder when 26 is divided by w.
8
Let p = -14 + 35. Let o = -205 + 288. Calculate the remainder when o is divided by p.
20
Let d be 8/(-20) - (-47)/5. What is the remainder when 23 is divided by d/12*2/3*12?
5
Calculate the remainder when -10 - (10 - (-4785)/(-11)) is divided by 27.
10
Suppose 5*c = -3*x + 255, -x + 55 + 16 = -3*c. What is the remainder when x is divided by 9?
8
Let h = 134 + -62. Let m = 102 - h. Calculate the remainder when m is divided by (-2158)/(-273) - 4/(-42).
6
Suppose -14*d = -16*d + 64. Calculate the remainder when 190 is divided by d.
30
Calculate the remainder when 21 is divided by (-8)/((4/(-12))/(4/8)).
9
Let b be 708/7 + (-1)/7. Suppose -3*m - b = -2*t, 0*t + 4*t - 175 = -3*m. Suppose -t = 2*s - 3*s. Calculate the remainder when s is divided by 24.
22
Suppose -3*y = 7*y - 1040. What is the remainder when y is divided by 49?
6
Suppose 0 = 3*y - 2*i - 28, 2*i - 3 + 19 = 2*y. Let z(t) = 2*t**2 + 8*t - 1. Suppose r + r + 12 = 0. What is the remainder when z(r) is divided by y?
11
Let x be 88/48 - (-2)/12. Suppose -x*s - 17 + 117 = 0. Calculate the remainder when s is divided by (1 - -23) + 2